y 2*-37*(-2)/4?
15
Suppose -3*z - 1016 = -2*r, -5*r - 5*z + 1673 = -867. Calculate the remainder when r is divided by 85.
83
Let o(p) = -677*p**2 - p. Let x be o(-1). Let y = 695 + x. Let z(j) = -j**3 + 8*j**2 - j + 4. Calculate the remainder when z(6) is divided by y.
13
Let b be (-6918)/(-16) + 3/(-8). Suppose b = 9*n + 7*n. Calculate the remainder when 101 is divided by n.
20
Let p = 16 + -71. Let f = 67 + p. Calculate the remainder when (-12)/12 - (0 - -1)*-15 is divided by f.
2
Suppose -p - 30 = -6*p. Let f(z) = -21*z - 8. Let b be f(-7). Let q = b - 105. What is the remainder when q is divided by p?
4
Let j(n) = 12*n**3 - 18*n**2 + 12*n + 3. Let t(y) = -6*y**3 + 9*y**2 - 6*y - 1. Let p(w) = -2*j(w) - 5*t(w). What is the remainder when p(3) is divided by 26?
20
Let m be 8/(-6)*(-1)/(4/(-42)). Let r be 2 - 4 - (m - -7). Suppose 50 + 120 = r*s. Calculate the remainder when 65 is divided by s.
31
Suppose -3*q + 5*n + 46 = 0, -4*q + 2*n - 4*n = -44. Let h(s) = -6*s - 6. Let v be h(q). Let i = -66 - v. What is the remainder when i is divided by 4?
0
Let u = 938 + -878. Calculate the remainder when 3357 is divided by u.
57
Suppose -2*a - r = -32, 58 = -3*a + 7*a + 3*r. Calculate the remainder when 284 is divided by a.
18
Let j(u) = 3*u**2 - 4*u - 3. What is the remainder when j(-4) is divided by 276*7/84 - 2?
19
Let u be -2 + (-3 - -5*14) - -2. Suppose -r + 2*m + 22 = 0, -5*r + 5*m + u = -53. What is the remainder when r*(2 - -7 - 4) is divided by 19?
16
Let u = -60 - -62. Suppose -5*d + u*q = -184, -5*q - 61 = 17*d - 19*d. What is the remainder when d is divided by 36?
2
Let c = 7920 - 7869. Calculate the remainder when 998/4 + (-3)/(-6) is divided by c.
46
Let a(i) = i**3 + 5*i**2 - 8*i + 4. Suppose 4*w + 1389 + 3283 = 4*p, -4*p + 3*w = -4672. Let q = p - 1122. Calculate the remainder when q is divided by a(-6).
14
Let z = 151 + -98. Let l be (-1*122)/(-2) - -2. Suppose -4*d - 7 + l = 0. Calculate the remainder when z is divided by d.
11
Suppose -6*x + 5*x = -2*i + 710, -5*i = 3*x - 1786. What is the remainder when i is divided by 172?
12
Suppose -26*y + 7340 = 5598. Calculate the remainder when 467 is divided by y.
65
Let a = -326 + 337. Let b(f) = f**2 - 13*f + 34. Calculate the remainder when 154 is divided by b(a).
10
Let f(r) = -3*r**2 + 104*r + 165. What is the remainder when f(31) is divided by 170?
166
Let p = 328 - 138. Let u = p + -178. What is the remainder when 67 is divided by u?
7
Let i be ((-2)/(-6))/((-1)/(-42)). Let c = i - -10. Calculate the remainder when ((4 - -6) + -6 - -2) + 39 is divided by c.
21
Let x(w) = 5*w**2 + 29*w - 24. Suppose -15*n - 200 + 50 = 0. What is the remainder when x(n) is divided by 63?
60
Suppose 2*d = d - 2 + 43. Calculate the remainder when 7215 is divided by d.
40
Suppose -t - 84 = -5*m + 36, -2*m - t = -55. Let q = -814 + 1163. What is the remainder when q is divided by m?
24
Let u = 200 + -135. Let y(q) = 191*q - 1398. What is the remainder when y(9) is divided by u?
61
Let j = 238 - 121. Suppose 0 = 45*i - 48*i + 24. What is the remainder when j is divided by (-2)/i - ((-676)/16 + 2)?
37
Calculate the remainder when 1/(40/(-10) + 1272/141 + -5) is divided by 8.
7
Let z be 1/(-3) - (-19565)/105. Let k = -175 + z. Calculate the remainder when 284 is divided by k.
9
Let k = 548 - 901. Let s = -66 - k. What is the remainder when s is divided by 72?
71
Suppose 57 = 4*m + 1. Suppose m = -g + 3*g. Suppose 8*y - 117 = 20*y - 609. What is the remainder when y is divided by g?
6
Let z(l) = 89*l + 36. Let y(u) = 86*u + 35. Let b(k) = -5*y(k) + 4*z(k). What is the remainder when b(-4) is divided by 68?
61
Let j(n) = n**2 - 30*n + 81. Let x be j(28). Suppose -4*w + o + x = -3*w, -3*o = 3. Calculate the remainder when 86 is divided by w.
14
Let u = -13316 - -13339. Calculate the remainder when 4111 is divided by u.
17
Suppose 18 = -d + 61. Let i(q) = -5*q**2 - 74*q + 1291. Calculate the remainder when d is divided by i(-25).
11
Let c be (4/(-3))/((-28)/42). Suppose -u = c*w - 5, -2*w + 3*w - 5*u = -3. Suppose 144 = 4*b + w*b. Calculate the remainder when 44 is divided by b.
20
Calculate the remainder when 1470 is divided by (-2 + -418)*(-420)/960*4.
0
Let l be (-714)/(-78) - (-4)/(-26). Suppose 12 = 5*w - l*w. Calculate the remainder when (-432)/w - (-1 - -2) is divided by 36.
35
Let g(m) = 2*m**3 - 3*m**2 - 12*m + 17. What is the remainder when g(4) is divided by 26?
23
Let o(m) = 54*m**2 - 697*m + 1. What is the remainder when o(15) is divided by 81?
76
Let q(d) = 7*d**3 - 2*d + 3. Let v be q(2). Suppose 0 = -58*h + v*h + 84. Calculate the remainder when h is divided by 17.
11
Suppose 0 = 2*l - 2205 - 3295. Calculate the remainder when l is divided by 913.
11
Suppose 446*w - 3597 = 413*w. Calculate the remainder when 113 is divided by w.
4
Let p = -28734 - -40086. What is the remainder when p is divided by 277?
272
Suppose 7*c + 6*c = 52. Suppose 0 = c*z, w - 92 = -3*w + z. Calculate the remainder when w is divided by 16.
7
Let i(q) = q**2 + 29*q - 82. Calculate the remainder when 2747 is divided by i(4).
47
Suppose -q + 5*o + 207 = 0, -2*q + 9*o = 11*o - 366. Suppose -4*z + z - 5*j = -q, -5*z + 285 = 3*j. Calculate the remainder when z is divided by 13.
2
Let c(t) = -33*t + 148. Let z be c(4). Calculate the remainder when 410 is divided by 30 - -14*(-8)/z.
19
Let d(i) = 234*i + 25304. Calculate the remainder when (-1 - 156)/(-2 - -1) is divided by d(-108).
29
Suppose -2*s + 22 = b, 120 = 4*b - 4*s - 28. Let l = 9 - -5. What is the remainder when b is divided by l?
4
Suppose 0 = -o + t + 1971, 3*t + 3024 + 913 = 2*o. Calculate the remainder when o is divided by 983.
10
Let j(b) = -19*b + 40*b + 63 - 25*b. Calculate the remainder when j(15) is divided by 1.
0
Let n = 1 + 45. What is the remainder when n is divided by (-128)/16 - (-5 + -27)?
22
Let q(w) = -17*w - 19. Calculate the remainder when 310 is divided by q(-2).
10
Suppose 39*z - 34*z + 3*i = 92, 0 = -2*z + 3*i + 20. Calculate the remainder when 169 is divided by z.
9
Suppose -9*h - 13*h + 2244 = 0. Let i = h + -96. Calculate the remainder when 381 is divided by i.
3
Suppose -5*m = -19 + 4. Let w(t) = 2*t**3 - t - 2. Suppose 18*v - 285 = 3*v. What is the remainder when w(m) is divided by v?
11
Let v = -1518 + 1532. Let n be 0 + 0/3 + -1. Let p = n + v. What is the remainder when p is divided by 4?
1
Let h(y) = y**3 + 44*y**2 - 36*y + 438. What is the remainder when h(-45) is divided by 17?
16
Suppose -19*x + 57729 = -81522. Calculate the remainder when x is divided by 52.
49
Let j be (-1416)/(-102) - 4/(-34). Suppose -7*t = -14 - j. What is the remainder when 5 is divided by t?
1
Let k(b) = -b + 12. Let p be k(10). Suppose 4*l + 90 = 5*s, p*s - l + 54 = 5*s. Let w = -46858 + 46928. Calculate the remainder when w is divided by s.
16
Let g be (-21285)/385 - (-2)/7. Calculate the remainder when (6/(-6))/(1/g) is divided by 12/6*(7 - 0).
13
Suppose -82*a - 65768 = -198280. What is the remainder when a is divided by 16?
0
Let i(x) = x**3 + 34*x**2 + 92*x + 10. Let f = -31 + 46. What is the remainder when i(-31) is divided by f?
11
Let i(y) = 11*y**2 + 70*y + 603. What is the remainder when i(-10) is divided by 35?
23
Suppose -18*s + 258 = -12*s. Suppose -4*r = -25 - s. What is the remainder when 101 is divided by r?
16
Let w be 6*((-40)/(-12))/(4 - 3). Let c be (-2 + 20/8)/(2/w). Suppose 0 = 14*r - c*r - 666. What is the remainder when r is divided by 19?
17
Suppose 0 = 125*z - 153*z + 1820. What is the remainder when (826/(-49))/(3/(-231)) is divided by z?
63
Suppose 1766 = k + 3*o, -k = o - 1555 - 203. Calculate the remainder when k is divided by 127.
103
Calculate the remainder when -1107*(-9 - (-316)/36) is divided by 118.
10
Let q = -4511 + 4559. What is the remainder when 541 is divided by q?
13
Suppose 601*s - 591*s = 3090. What is the remainder when s is divided by 54?
39
Suppose 7*f + 17 = 8*f. Let q = -17 + f. Suppose q = 3*l - 15 - 60. Calculate the remainder when 124 is divided by l.
24
Let l = 44 + 435. Suppose 33*k + 336 = 40*k. What is the remainder when l is divided by k?
47
Suppose 360*j - 5070 = 334*j. What is the remainder when j is divided by 8?
3
Suppose 20 = -2*b, -4*w - 4*b = -7*b - 79 + 17. Suppose -c - 58 = -5*j + 137, -2*c -